nds digit of 595064543?
6
What is the millions digit of 460535447?
0
What is the ten millions digit of 15010468?
1
What is the thousands digit of 3237855?
7
What is the billions digit of 3035142840?
3
What is the ten thousands digit of 3145538533?
3
What is the units digit of 125240772?
2
What is the tens digit of 2998304059?
5
What is the tens digit of 1869300936?
3
What is the ten thousands digit of 708352284?
5
What is the tens digit of 188834267?
6
What is the millions digit of 63947401?
3
What is the hundred thousands digit of 14972770?
9
What is the units digit of 715913746?
6
What is the ten thousands digit of 241239956?
3
What is the millions digit of 1631127985?
1
What is the tens digit of 2457075967?
6
What is the ten thousands digit of 6337152000?
5
What is the hundred millions digit of 125395805?
1
What is the tens digit of 160276638?
3
What is the hundreds digit of 55756738?
7
What is the thousands digit of 514271204?
1
What is the thousands digit of 6381595?
1
What is the units digit of 83887822?
2
What is the millions digit of 520798584?
0
What is the ten thousands digit of 153940091?
4
What is the hundreds digit of 483295139?
1
What is the billions digit of 1824703478?
1
What is the ten millions digit of 338909300?
3
What is the units digit of 2777631726?
6
What is the hundred thousands digit of 833846531?
8
What is the units digit of 88277803?
3
What is the ten millions digit of 352665117?
5
What is the units digit of 165482132?
2
What is the hundred millions digit of 623277976?
6
What is the tens digit of 2721075140?
4
What is the ten millions digit of 21635839?
2
What is the hundreds digit of 105750939?
9
What is the units digit of 739811556?
6
What is the hundreds digit of 201251189?
1
What is the hundreds digit of 87883193?
1
What is the units digit of 6023547442?
2
What is the ten millions digit of 54315365?
5
What is the hundred thousands digit of 497663996?
6
What is the units digit of 600924291?
1
What is the hundred thousands digit of 188211348?
2
What is the thousands digit of 1088322945?
2
What is the units digit of 16290630?
0
What is the hundred thousands digit of 284596555?
5
What is the hundred millions digit of 404186832?
4
What is the billions digit of 4557661238?
4
What is the hundreds digit of 491298739?
7
What is the tens digit of 90988206?
0
What is the thousands digit of 2831263895?
3
What is the tens digit of 1664680480?
8
What is the thousands digit of 18916625?
6
What is the ten millions digit of 8132936129?
3
What is the hundreds digit of 1164749715?
7
What is the hundred thousands digit of 12803688?
8
What is the ten thousands digit of 63661498?
6
What is the hundred millions digit of 119608545?
1
What is the millions digit of 576315553?
6
What is the millions digit of 4434517145?
4
What is the millions digit of 83713296?
3
What is the ten thousands digit of 3418880234?
8
What is the units digit of 42633343?
3
What is the ten thousands digit of 620861843?
6
What is the tens digit of 698948453?
5
What is the ten thousands digit of 87495812?
9
What is the millions digit of 6400671007?
0
What is the tens digit of 21794464?
6
What is the hundred millions digit of 1306016581?
3
What is the hundreds digit of 71077495?
4
What is the ten thousands digit of 5795736926?
3
What is the millions digit of 71399072?
1
What is the hundred thousands digit of 495122368?
1
What is the hundreds digit of 317799582?
5
What is the millions digit of 92703778?
2
What is the hundred thousands digit of 350315156?
3
What is the ten millions digit of 65348232?
6
What is the tens digit of 42053689?
8
What is the ten millions digit of 51868554?
5
What is the millions digit of 237765715?
7
What is the tens digit of 337323673?
7
What is the ten millions digit of 810143648?
1
What is the tens digit of 54013634?
3
What is the thousands digit of 13252786?
2
What is the hundreds digit of 2146599054?
0
What is the units digit of 53225979?
9
What is the ten thousands digit of 2440832844?
3
What is the tens digit of 8415735?
3
What is the millions digit of 1035785931?
5
What is the ten thousands digit of 75225694?
2
What is the hundred millions digit of 1205507296?
2
What is the hundred millions digit of 1562688264?
5
What is the millions digit of 112927095?
2
What is the units digit of 502300902?
2
What is the hundreds digit of 110950972?
9
What is the units digit of 154049318?
8
What is the hundred millions digit of 2903260206?
9
What is the tens digit of 24803828?
2
What is the tens digit of 12802003?
0
What is the hundred millions digit of 807864582?
8
What is the hundreds digit of 284738279?
2
What is the thousands digit of 28224680?
4
What is the ten thousands digit of 451879356?
7
What is the millions digit of 9170682237?
0
What is the ten thousands digit of 41523892?
2
What is the ten thousands digit of 218731076?
3
What is the thousands digit of 45714631?
4
What is the ten millions digit of 51483967?
5
What is the units digit of 792975344?
4
What is the hundreds digit of 510394067?
0
What is the ten millions digit of 67405824?
6
What is the thousands digit of 130979217?
9
What is the ten thousands digit of 23155849?
5
What is the hundred millions digit of 167822616?
1
What is the ten thousands digit of 61560278?
6
What is the tens digit of 18926092?
9
What is the hundred millions digit of 475584073?
4
What is the tens digit of 335201746?
4
What is the tens digit of 73644261?
6
What is the millions digit of 619254950?
9
What is the hundred thousands digit of 550005631?
0
What is the billions digit of 3315295360?
3
What is the thousands digit of 2375927740?
7
What is the thousands digit of 560511976?
1
What is the thousands digit of 12133512?
3
What is the ten thousands digit of 187251957?
5
What is the hundred thousands digit of 924519946?
5
What is the thousands digit of 305927412?
7
What is the units digit of 938597238?
8
What is the ten thousands digit of 1381780033?
8
What is the billions digit of 2678466957?
2
What is the units digit of 3824520084?
4
What is the hundred thousands digit of 219135182?
1
What is the tens digit of 2715673127?
2
What is the millions digit of 911763073?
1
What is the hundred thousands digit of 119670136?
6
What is the units digit of 2770136637?
7
What is the units digit of 547860225?
5
What is the tens digit of 61192115?
1
What is the millions digit of 2021767363?
1
What is the hundreds digit of 5048190462?
4
What is the hundred thousands digit of 915773779?
7
What is the ten thousands digit of 113156407?
5
What is the ten millions digit of 305154748?
0
What is the hundred millions digit of 2100277498?
1
What is the ten millions digit of 554908657?
5
What is the hundred millions digit of 487791596?
4
What is the units digit of 1775225439?
9
What is the millions digit of 96146484?
6
What is the tens digit of 175460347?
4
What is the millions digit of 353083166?
3
What is the ten millions digit of 1900477978?
0
What is the thousands digit of 55061678?
1
What is the hundred millions digit of 612638689?
6
What is the ten thousands digit of 53498396?
9
What is the ten millions digit of 1514001718?
1
What is the units digit of 1326611291?
1
What is the hundred thousands digit of 22855415?
8
What is the thousands digit of 7569818?
9
What is the millions digit of 733362375?
3
What is the tens digit of 160485222?
2
What is the thousands digit of 998275652?
5
What is the tens digit of 9545302?
0
What is the tens digit of 133535894?
9
What is the billions digit of 6001936062?
6
What is the hundreds digit of 4503328056?
0
What is the hundreds digit of 3315597098?
0
What is the ten thousands digit of 880513737?
1
What is the ten millions digit of 659913975?
5
What is the ten millions digit of 1298282270?
9
What is the millions digit of 153594868?
3
What is the millions digit of 169451668?
9
What is the ten thousands digit of 88481359?
8
What is the hundreds digit of 572714873?
8
What is the ten millions digit of 734072659?
3
What is the thousands digit of 46880580?
0
What is the tens digit of 6100179?
7
What is the units digit of 31396286?
6
What is the hundred millions digit of 302355080?
3
What is the hundreds digit of 39412394?
3
What is the ten millions digit of 1051344004?
5
What is the hundreds digit 